et s be h(18). Let u = s - 29. List the prime factors of u.
3, 5, 7
Let p be 0/(-1*2) + 1. Let v be -23 + 50 + (1 + -1 - -5). Let g = v + p. List the prime factors of g.
3, 11
Suppose -4*l = -l - 255. Let i = l + -21. List the prime factors of i.
2
Suppose 0 = -2*z - 5*y + 5423, 336*z + 4*y - 13583 = 331*z. What are the prime factors of z?
2719
Suppose -3*t + 0*i = 5*i - 2011, -t = 4*i - 675. What are the prime factors of t?
23, 29
Let q = 683 - 481. List the prime factors of q.
2, 101
Suppose 4*o = -m + 6*o - 61, -5*o = 3*m + 194. Suppose 0 = -64*u + 69*u - 540. Let l = u + m. What are the prime factors of l?
3, 5
Let z = -82 - -583. What are the prime factors of z?
3, 167
Suppose u - 2*h = 2, 2*h + 12 = -2*u + 4*u. Let i = 10 - u. Let c = 3 + i. List the prime factors of c.
3
Let h = -832 + 1869. List the prime factors of h.
17, 61
Let t(c) = -11*c + 10. Let n(x) = -22*x + 19. Let r(y) = -2*n(y) + 5*t(y). What are the prime factors of r(-4)?
2, 7
Suppose -2*k - 1948 = 5*f, -1521 - 1423 = 3*k + 2*f. What are the prime factors of (k/(-15))/4*5*1?
2, 41
Let k(c) = -5*c**2 + 0*c + 6*c**2 + 2*c. Let w be k(-3). Suppose 3*i - 2*i + 5*f = -1, 0 = -i - 4*f + w. What are the prime factors of i?
19
Suppose -5*d = -5*y + 450, -3*d + d = 5*y - 422. Suppose 4*m - y = 158. List the prime factors of m.
61
Suppose -m - 2*a = -584 - 1037, 4*a = m - 1591. List the prime factors of m.
3, 179
Suppose -x - 2*p = 2*p - 12, 0 = 2*x - 3*p + 9. Suppose x = -4*y + 30 + 134. What are the prime factors of y?
41
Suppose 182448 = 56*z - 8*z. What are the prime factors of z?
3, 7, 181
Let h(z) = -6*z - 56. Let a be h(-9). List the prime factors of ((-28)/8)/((-1 - a)/(-38)).
7, 19
Let h = 569 - 141. Let t = h - 184. What are the prime factors of t?
2, 61
Let l(b) = 83*b**2 + 3*b - 11. What are the prime factors of l(2)?
3, 109
Let m(a) = 111*a**2 + 31*a. List the prime factors of m(2).
2, 11, 23
Suppose -6*y = -13 - 101. Suppose 5 = i - y. What are the prime factors of i?
2, 3
Suppose -869 + 2247 = 2*n. List the prime factors of n.
13, 53
Let r be (-3 - -1)/((-16)/40). Suppose 0 = r*j - 25 + 5. What are the prime factors of ((-9)/j)/((-4)/48)?
3
Let w(q) = -q**3 - 5*q**2 + 1. Let j be w(-5). Let x = j - 0. List the prime factors of (0 - 1)*(x + -12).
11
Let y(c) = -c**3 + 11*c**2 - 9*c + 2. Let k(h) = -h**3 + 5*h**2 + 6*h + 8. Let z be k(6). Let o be 4 - (-4 + z/(-4)). What are the prime factors of y(o)?
2, 3
Let d(r) = -r**2 + 47*r + 17. What are the prime factors of d(14)?
479
Let p(c) = 2*c + 28. Let j be p(0). Suppose 2*o = n + 28, 4*n - 4 = -4*o + j. List the prime factors of (-3)/o + (-356)/(-16).
2, 11
Suppose 11*b + 4*b = 9435. List the prime factors of b.
17, 37
Let b = 13 - 16. Let d = -3 - b. Let y(i) = -i**2 + 2*i + 27. List the prime factors of y(d).
3
Suppose -5*z + 2*l - 4410 = -10*z, -10 = 2*l. List the prime factors of z.
2, 13, 17
Let b(v) = 3*v**2 - 32*v + 12. What are the prime factors of b(23)?
863
Let c = 731 - -138. What are the prime factors of c?
11, 79
Let t(d) = 2*d**3 - 4*d**2 + d + 3. Let b be t(2). Let g be 8/10 - 4/b. Suppose g = -2*z - 5*z + 329. List the prime factors of z.
47
Suppose -2458 = -15*i + 3512. What are the prime factors of i?
2, 199
Let s be 5/(5/3) + 279. Suppose -9*m = -1614 + s. List the prime factors of m.
2, 37
Let r be (0 + (-3)/(-2))*(-572)/(-66). Let f(u) = u**3 - 11*u**2 - 13*u + 6. List the prime factors of f(r).
5, 7
Suppose -4*c = -3*f + 1621, 0 = -2*f + 3*f + 2*c - 557. List the prime factors of f.
547
Let n(a) be the second derivative of a**3/6 + 6*a**2 - 6*a. Let r = -5 - -14. What are the prime factors of n(r)?
3, 7
Let b be 3 - (-4)/(-7 + 3). Suppose 26 = -2*c + 4*d, 4*c - b*d = -5*d - 63. What are the prime factors of ((-40)/c)/(2/24)?
2
Let t be ((-14)/3)/(18/27). Let d = 12 + t. Suppose f - 52 = -2*f + d*q, -2 = -3*f - 5*q. What are the prime factors of f?
3
Suppose h + 5 = -4*h, -4*l = -2*h - 14. Suppose -5*z + l = 13. What are the prime factors of z/12 + (-1183)/(-78)?
3, 5
Let n = -27 + 49. Suppose h + 0*u = -u - n, -86 = 3*h - 2*u. Let k = -7 - h. What are the prime factors of k?
19
Let n(m) = 79*m - 5. What are the prime factors of n(3)?
2, 29
Let y(r) = 3*r**2 - 8*r - 6. Let f = 83 - 79. List the prime factors of y(f).
2, 5
Suppose -2*t - 32 + 116 = 0. List the prime factors of t.
2, 3, 7
Let v(h) = 6*h**2 - 14*h - 5. What are the prime factors of v(3)?
7
List the prime factors of ((-2825)/(-15))/(15/54).
2, 3, 113
Let a be (-116)/4*(2 - 3). Suppose 0 = -3*l - 2 + a. List the prime factors of l.
3
Let q be 28/(-21)*6/(-4). Suppose 5*i - q*x - 246 = 0, -3*i - 2*x + 86 = -68. List the prime factors of i.
2, 5
Suppose r = -3*n + 5, -3*n + 1 = -r - 0*r. Let a = 48 + r. What are the prime factors of a?
2, 5
Let z = -16 + 18. Let f(b) = -b + 6*b + b**3 + 4*b + 4 + 11*b**z. What are the prime factors of f(-10)?
2, 7
List the prime factors of (-4169913)/(-1173) + (-4)/(-46).
3, 5, 79
Suppose -32*d = -29*d. Suppose -s - w + 192 = d, -4*s - 65 = w - 827. What are the prime factors of s?
2, 5, 19
Let m be 2 - 6 - 1*-9. Suppose m*l + 130 - 380 = 0. What are the prime factors of l?
2, 5
Suppose 2*d = -9*d + 22. Suppose -d*h = 4*l - 184, -178 = -2*h + 3*l - l. List the prime factors of h.
2, 3, 5
Let b(f) = f**2 + 7*f + 3. Let w be b(-7). Suppose -p + c = -0*p - 115, -2*p - w*c = -240. What are the prime factors of p?
3, 13
Let w be (78/(-10))/(9/(-5) - -2). Let q be 6/4*16/(-6). List the prime factors of w/(q - -1) - 1.
2, 3
Suppose -456 = -m - n, 5*m + 493 = -4*n + 2777. Let y = m - 259. What are the prime factors of y?
3, 67
Let l be (29 - -3) + 0/1. Let s = -8 + l. List the prime factors of s.
2, 3
Let j = -360 - -433. What are the prime factors of j?
73
Let l(h) = 1 + h - 2*h - 7*h + 3*h. Let j be l(-2). Suppose p - 1 = 2*g + j, -4*p + 5*g = -48. List the prime factors of p.
2, 3
Suppose 16*z + 10 = 17*z. Let n(i) = -3 - i**3 - 7 + 11*i**2 + 0*i - 7*i. What are the prime factors of n(z)?
2, 5
Let y(t) = t**2 - t - 27. Let h be y(9). Let n = 72 - h. List the prime factors of n.
3
List the prime factors of 1711/2 - (-1 - (-2)/(-4)).
857
What are the prime factors of (-7 + 140)*(-200)/(-28)?
2, 5, 19
Suppose -144 = 3*p - 1302. Suppose -5*l + 2*f + 288 = -p, -l + f = -133. List the prime factors of l.
2, 17
Suppose -3*q = 3*j + 2*q - 575, -j + 2*q + 199 = 0. Suppose -352 = -4*h - 2*y, 5*h - j - 215 = 5*y. List the prime factors of h.
2, 43
Let z(d) = -d**2 + 5*d + 9. Let k be z(6). Suppose 0 = -5*i + 4*o - k, 0 = -i + o + 2*o + 6. List the prime factors of (0 - -3 - 8)*i.
3, 5
Let k(u) = 22*u - 33. Let d(s) = 11*s - 16. Let z(g) = 11*d(g) - 6*k(g). What are the prime factors of z(-14)?
2, 11
What are the prime factors of ((-65)/(-30)*9)/(6/4)?
13
Let h(c) = 3*c. Let o be h(3). Suppose o + 6 = 5*t. Suppose 3*q - 113 = t*v + 25, 5*q = 3*v + 224. List the prime factors of q.
43
Suppose -66*h = -371195 + 94391. What are the prime factors of h?
2, 3, 233
Suppose 3*s - 2105 = -v, 5*v + 15*s = 16*s + 10461. What are the prime factors of v?
7, 13, 23
Let k be (-1)/(1 - -66*(-4)/260). Suppose -k = -r - 4*i, -8*i + 155 = 2*r - 5*i. List the prime factors of r.
5, 17
List the prime factors of (-6962)/(-6) + 40/60.
3, 43
Let g be -51 - (3 - 3) - -1. Let c = g - -90. List the prime factors of c.
2, 5
Suppose -10125 = 210*v - 215*v. What are the prime factors of v?
3, 5
Let o be 17/(-34) - 98/(-4). Suppose -4*g = -o - 40. What are the prime factors of g?
2
Let f = 7 - 5. Suppose -3*o + 4 = -f*o. Suppose o*t - k - 125 = 0, -4*k = -4*t - 9*k + 95. What are the prime factors of t?
2, 3, 5
What are the prime factors of (-25)/(-2)*(3 + (-711)/(-15))?
2, 3, 5, 7
Suppose 5*m = -0 - 25. Let y be 57/(-38) + 46/4. Let t = y + m. What are the prime factors of t?
5
Let n be (8/6)/(3/9). Suppose 4*u - 2*p - p = -54, -64 = n*u + 2*p. Let m(t) = -3*t - 3. What are the prime factors of m(u)?
2, 3, 7
Let g be (-3)/(-2) + 9/(-6). Suppose 5*q + 2*n - 115 = -3*n, g = -3*q - 4*n + 66. What are the prime factors of q + 2 + (-3 - -3)?
2, 7
Let j be (-1026)/(-14) + (-60)/(-35) + -2. Suppose 0 = 4*v + 3*c - c + 108, 3*v - 5*c = -55. Let d = v + j. List the prime factors of d.
2, 3
Let l = 2 + -4. List the prime factors of (5 + -4)*(120 - l).
2, 61